
1a2
Convert -435 (base 6) to base 12.
-11b
What is -1521 (base 6) in base 3?
-120011
221221 (base 3) to base 7
2020
21ca (base 13) to base 11
360a
What is -948 (base 16) in base 3?
-10021000
Convert -41 (base 10) to base 16.
-29
1022102 (base 3) to base 10
956
What is 12a (base 16) in base 5?
2143
-11b (base 14) to base 9
-265
What is -2ec (base 15) in base 13?
-3c9
17405 (base 8) to base 6
100433
Convert -10020210011 (base 3) to base 5.
-4021434
What is -101110000001 (base 2) in base 5?
-43240
1256 (base 8) to base 13
40a
Convert 1102 (base 8) to base 11.
486
What is -152133 (base 6) in base 7?
-60663
4412023 (base 5) to base 11
5201a
What is -337 (base 12) in base 7?
-1246
Convert -46621 (base 10) to base 3.
-2100221201
-1340 (base 15) to base 9
-5566
Convert 3023312 (base 4) to base 14.
4a7c
Convert 37a (base 13) to base 7.
1526
-12362 (base 8) to base 11
-4035
-5454 (base 6) to base 14
-65c
Convert -22021 (base 3) to base 4.
-3133
-111010011 (base 2) to base 9
-568
What is -b11 (base 12) in base 8?
-3075
What is 4aaa0 (base 11) in base 14?
1c962
-45c4 (base 13) to base 16
-2641
What is -1100110001 (base 2) in base 9?
-1107
What is -a010 (base 14) in base 4?
-12230332
460 (base 8) to base 3
102021
What is -a6b0 (base 12) in base 14?
-6936
What is -315003 (base 6) in base 4?
-12101223
-170b (base 14) to base 2
-1000000011111
Convert 4a4 (base 16) to base 8.
2244
What is -a87 (base 13) in base 10?
-1801
Convert 100320 (base 4) to base 6.
5000
What is 53c (base 14) in base 16?
40a
-6024 (base 7) to base 13
-c39
-23133 (base 6) to base 13
-1668
Convert 7ab (base 13) to base 10.
1324
-2521 (base 12) to base 15
-13a1
-1137 (base 8) to base 4
-21133
16533 (base 7) to base 4
1021320
What is 14d1 (base 14) in base 2?
111001111111
1199 (base 12) to base 2
11111000101
Convert -1011110110110 (base 2) to base 5.
-143240
Convert 31223303 (base 4) to base 13.
1c688
-13312 (base 4) to base 14
-27c
Convert 26d1 (base 14) to base 16.
1abf
What is -10428 (base 12) in base 9?
-32245
What is 13231103 (base 4) in base 16?
7b53
What is -1001011101001 (base 2) in base 6?
-34225
What is 2017 (base 10) in base 14?
a41
Convert 11332 (base 4) to base 11.
318
Convert -111002 (base 4) to base 10.
-1346
What is -20600 (base 7) in base 5?
-130341
-22140 (base 7) to base 14
-2057
What is 406554 (base 7) in base 13?
25887
What is 1012122 (base 5) in base 16?
4099
What is 42665 (base 7) in base 6?
121115
Convert 31bd (base 15) to base 9.
15387
What is -b236 (base 14) in base 13?
-10c29
What is 21010 (base 5) in base 10?
1380
Convert 1022022011 (base 3) to base 8.
62207
What is -19917 (base 12) in base 8?
-111343
Convert -15 (base 7) to base 16.
-c
What is 222022022 (base 3) in base 11?
13455
Convert 265 (base 14) to base 13.
2b0
What is 2907a (base 13) in base 5?
4430441
-247225 (base 8) to base 7
-504501
Convert -1157 (base 8) to base 3.
-212002
2b71 (base 15) to base 2
10010001110011
-3c05 (base 13) to base 5
-233444
1153 (base 6) to base 12
1b9
What is -2420 (base 7) in base 8?
-1600
What is -4 (base 10) in base 2?
-100
278 (base 13) to base 10
437
Convert 122320 (base 5) to base 13.
21b4
What is -123232 (base 7) in base 11?
-16110
55866 (base 10) to base 15
11846
1110001110011 (base 2) to base 15
2258
Convert 6202 (base 8) to base 13.
15c4
223020 (base 4) to base 9
3706
What is -2243 (base 7) in base 13?
-4a9
Convert 61522 (base 7) to base 5.
440020
6823 (base 15) to base 9
33256
What is 101010110001 (base 2) in base 13?
1327
What is -443 (base 6) in base 7?
-333
297 (base 10) to base 8
451
What is 466 (base 10) in base 15?
211
Convert -551 (base 10) to base 7.
-1415
What is -1112000 (base 3) in base 9?
-1460
What is -10110011100100 (base 2) in base 4?
-2303210
-1225 (base 6) to base 11
-258
-1679 (base 10) to base 8
-3217
What is 526 (base 15) in base 9?
1530
Convert -c8 (base 16) to base 15.
-d5
What is -5068 (base 16) in base 3?
-1001020101
What is -baaa (base 12) in base 13?
-949c
Convert -43d7 (base 14) to base 8.
-26751
-14ce (base 15) to base 5
-120334
What is -550 (base 7) in base 4?
-10120
201 (base 14) to base 16
189
Convert 1566 (base 7) to base 9.
776
-589 (base 16) to base 12
-9a1
1010012 (base 3) to base 11
681
-4c1 (base 14) to base 3
-1022022
Convert 21132 (base 4) to base 6.
2450
What is -1112000010 (base 3) in base 4?
-13103010
What is 4034 (base 6) in base 2?
1101110110
What is -326311 (base 7) in base 15?
-12041
6604 (base 7) to base 4
210310
Convert 32212 (base 4) to base 6.
4154
What is 4037 (base 12) in base 11?
5253
Convert 2506 (base 8) to base 15.
600
-d4 (base 16) to base 6
-552
Convert 2200001 (base 3) to base 9.
2601
What is -224401 (base 5) in base 12?
-4831
Convert -11001001010 (base 2) to base 10.
-1610
What is 610a (base 13) in base 2?
11010000110001
-14332 (base 7) to base 9
-5361
Convert 122001221 (base 3) to base 10.
12445
What is -1420 (base 5) in base 11?
-1a4
-2887 (base 12) to base 6
-33451
What is 2012 (base 8) in base 16?
40a
What is 288a (base 12) in base 7?
16513
Convert 56a (base 14) to base 8.
2062
What is 1001011010 (base 2) in base 5?
4402
-111001011010001 (base 2) to base 5
-1420033
What is 411 (base 9) in base 11?
284
What is -1993 (base 12) in base 14?
-11dd
What is -876 (base 9) in base 6?
-3153
-220002110 (base 3) to base 5
-1030222
What is -3233221 (base 4) in base 13?
-6c9a
What is -110011001 (base 2) in base 4?
-12121
16c9d (base 14) to base 15
11eeb
What is 410 (base 13) in base 14?
373
Convert -20a (base 13) to base 4.
-11130
What is 5356 (base 7) in base 16?
76f
What is -250233 (base 6) in base 3?
-1010100110
What is 1000001110111 (base 2) in base 11?
3192
Convert -344a (base 12) to base 2.
-1011010111010
-1011011101101 (base 2) to base 9
-8041
Convert 634 (base 14) to base 12.
85a
-13178 (base 10) to base 5
-410203
Convert 12659 (base 10) to base 14.
4883
What is -2021221000 (base 3) in base 7?
-245421
Convert -15c2 (base 13) to base 2.
-110010000000
-111323 (base 4) to base 12
-98b
102012 (base 3) to base 4
10232
What is 1cb7 (base 14) in base 11?
3a4a
-2a4 (base 12) to base 7
-1126
Convert -1356 (base 12) to base 8.
-4262
Convert -20100200 (base 3) to base 9.
-6320
-111011010111 (base 2) to base 3
-12012201
Convert 2031210 (base 4) to base 15.
2a40
-916 (base 13) to base 2
-11000000100
Convert -f67 (base 16) to base 13.
-1a44
3303123 (base 4) to base 5
444304
What is 14304 (base 7) in base 16?
f54
4ba1 (base 14) to base 11
9a77
What is 3d2e (base 16) in base 12?
9092
288 (base 11) to base 4
11102
What is 11550 (base 16) in base 7?
413655
-13011 (base 6) to base 15
-8a1
Convert -2c75 (base 14) to base 7.
-32105
Convert 505e (base 16) to base 10.
20574
15322 (base 7) to base 5
114104
Convert -100012 (base 3) to base 10.
-248
22211 (base 5) to base 6
11112
What is 13028 (base 9) in base 12?
50b2
Convert -11100100 (base 2) to base 14.
-124
What is -7f89 (base 16) in base 9?
-48706
20102101 (base 3) to base 8
11111
What is 9713 (base 13) in base 15?
6332
Convert 202 (base 14) to base 5.
3034
18 (base 11) to base 14
15
Convert 1540 (base 9) to base 14.
5d8
Convert -13002 (base 4) to base 7.
-1212
What is -3032 (base 6) in base 9?
-822
What is -40323 (base 5) in base 7?
-10355
-1200441 (base 5) to base 14
-8032
What is 5251 (base 6) in base 16?
49f
Convert 6ff (base 16) to base 6.
12143
Convert 2a9 (base 14) to base 10.
541
Convert -10010111011000 (base 2) to base 15.
-2d0d
735 (base 10) to base 8
1337
What is 45521 (base 6) in base 4?
1210321
What is 430 (base 15) in base 8?
1661
21012202 (base 3) to base 4
1102022
26a6 (base 11) to base 5
103004
What is 58e6 (base 15) in base 11?
13214
What is 1321 (base 12) in base 11?
1707
-5322 (base 7) to base 5
-30003
Convert -13736 (base 9) to base 3.
-110211020
What is -cd1 (base 15) in base 13?
-141a
What is -3302133 (base 4) in base 7?
-63150
What is 481 (base 10) in base 12?
341
Convert -1195 (base 11) to base 8.
-3024
-16024 (base 9) to base 6
-122421
Convert -670 (base 8) to base 3.
-121022
3cd (base 14) to base 10
769
Convert -43 (base 12) to base 8.
-63
What is -751 (base 8) in base 12?
-349
1634 (base 8) to base 4
32130
Convert 613a (base 11) to base 9.
12155
-330 (base 11) to base 15
-1b6
Convert -200 (base 7) to base 14.
-70
What is 24605 (base 7) in base 14?